+ 10 + 0 + (-50 - -31).
-20
Evaluate (-5 - (-2 - (-3 + -4))) + 29.
19
-31 - 1 - (-13 - (59 - 69))
-29
Evaluate 0 - (62 - 76 - (1 + -1) - 0).
14
(-13 - (-14 - (-4 - -2))) + -14
-15
Calculate -27 - (-46 - -20) - (16 + -1).
-16
What is 7 - (-8 - -21) - (7 - 1)?
-12
Calculate (6 - 1) + 4 + -5 + (18 - 19).
3
Calculate -3 - (-10 + 10 + (1 - 4) + 3).
-3
Calculate -14 + 4 + -30 + 40.
0
What is 106 + -104 + (-1 - 8) - -6?
-1
Calculate 1 - -2 - (23 - 11 - (1 - -2)).
-6
(5 - -3) + 0 - (38 + -47)
17
Calculate -13 + -43 + 46 + (2 - -5).
-3
What is (30 - (-11 + 22)) + -3?
16
What is the value of 8 + -17 + 8 + 9?
8
What is the value of 23 + 19 + (-3 + -4 - 13)?
22
Calculate 4 - (-2 - 3 - -13) - (-2 + -28).
26
What is the value of 0 - (39 - (91 - 37))?
15
4 - (-10 + 26 + -7)
-5
Evaluate 0 + -6 + 6 + 4 - (9 + -10).
5
-7 + 13 + (-6 - -7 - 10) + -27
-30
Evaluate 41 + -79 + (47 - -6).
15
What is the value of -9 + -8 + 0 + (-9 - (-14 + -8))?
-4
-16 - (-25 - (-20 - (-4 - -2)))
-9
-7 + -13 + 6 + 2 + -15
-27
-3 - (5 + (-1 - (-1 + 1)) - 15)
8
Calculate 4 + (3 - -2 - (2 + 9) - -6).
4
What is the value of (24 + -5 - (25 + -13)) + 12?
19
Calculate 25 + 4 + (36 - 56).
9
What is the value of 23 + (-21 - -21) + -15?
8
Evaluate 1 + 1 - (21 + 19 - 18).
-20
Calculate -21 + (15 - 7) + 6.
-7
Calculate (-11 - 2) + 36 - 18.
5
Calculate (11 - 6) + (2 - 10) + 2 + 24.
23
(-10 - (166 + -176 - (0 - -11))) + -28
-17
What is the value of -9 - 62 - (5 + -48)?
-28
Calculate (-2 - 2 - 8) + (28 - 27).
-11
What is (-11 + 7 + -3 - -9) + -4 - 3?
-5
Evaluate -6 + (13 - (2 + 6)).
-1
Evaluate 11 + -25 + 35 + -3 + 1 + -2.
17
What is the value of -11 + 8 + (15 - 18)?
-6
22 + 9 + -36 + 1
-4
What is 1 - (-6 - (1 + -2)) - (1082 - 1083)?
7
(1 + -1 - -3) + 14 + -2
15
What is 1 - ((-1 - -5 - -8 - 6) + -9)?
4
6 - ((48 - 15) + -15)
-12
-23 + 25 + 12 + -42
-28
What is 2 + -25 - (-24 + 4)?
-3
Evaluate -5 - ((-11 - -4) + -17 - -7) - 10.
2
28 + (-73 - (-5 - 7))
-33
What is -6487 - -6459 - ((0 + 3 - 1) + 0)?
-30
42 - 2 - (1 - -13)
26
What is (517 - 520) + -10 + (-3 - (2 + -4))?
-14
(27 - 1) + (4 + 3 - 20)
13
Calculate -11 - (-8 - 5) - (-6 + 2 + 2).
4
What is the value of 29 + (16 - 50) + -20?
-25
Evaluate -10 - ((19 - (23 - 14)) + -35).
15
8 + (-4 - 8) + (9 - 2) - -12
15
What is 0 + (-7 - 0) + (-5 + 3 - -2)?
-7
-2 - (6 + (2 - 2 - (11 - 11)))
-8
Evaluate (-3 - 0) + (-17 - (17 + -36)).
-1
What is (28 - 31) + 18 + -8?
7
Evaluate 2 + -6 - -22 - (-6 + 3).
21
Calculate -1 + 7 + (83 - 90).
-1
(-6 - 15) + 3 + 9
-9
Calculate -4 - (23 - (-1 - -18)).
-10
(0 - (44 + -1)) + 25
-18
What is the value of -6 + 8 + -17 - -30?
15
Evaluate (-20 + 28 - 7) + 0 + -14.
-13
Calculate (-24 - (-25 + 42)) + 24.
-17
Calculate (1 - 0 - 1) + (4 + -5 - -3).
2
What is -8 + 6 + 4 + -6 - -18?
14
What is the value of -4 - -15 - 4 - (-184 + 160)?
31
What is the value of 9 + -9 + -2 + -5?
-7
Calculate -19 + (30 - (10 + 26)).
-25
What is the value of -10 + 24 - 13 - (8 - 29)?
22
What is the value of (-43 + 24 - -17) + -3 + -12 + -1?
-18
-9 + 1 + 5 + 1 + -7
-9
Evaluate 3 + (24 - (-28 - -38)).
17
What is -2 + 5 + 0 - (-20 + 10)?
13
Evaluate 15 + -16 + -15 + 13.
-3
Calculate (17 - -17 - 44) + 6 + 0.
-4
Evaluate 42 + (22 - 6) + -34.
24
What is (7 - (2 - (-5 - -6))) + 0?
6
Calculate 3 + -8 + 12 - (0 + -2).
9
What is (63 - 77) + 0 + (0 - -4)?
-10
21 + 1 + -1 - (-12 + (23 - 14))
24
What is the value of (30 - 13) + 36 + -4 + -12?
37
Evaluate 106 - 104 - (1 + 0 - -1) - 0.
0
Evaluate -32 + 7 - (-36 - -29).
-18
What is the value of 13 + -15 + -12 + 3 + -10?
-21
Calculate (3 - (-2 - -2)) + 17 + -15 - 11.
-6
What is -30 + -1 - (-113 + 92)?
-10
What is -14 + 1 + 49 + -27?
9
Calculate (-10 + (0 - -18) - -1) + 3.
12
Evaluate 7 + (-23 - -8 - (-4 + -7 + 3)).
0
Evaluate -8 - 3 - (60 - 60).
-11
Calculate (427 - 451) + -4 + 24 + -1.
-5
What is 12 + -22 + 8 + -12?
-14
Calculate -27 + (12 - (-3 - -9)) + (-1 - -12).
-10
What is the value of -23 + (0 - -14) + -29 - -6?
-32
(9 + -2 - (0 - 4)) + -5
6
What is the value of 28 - (11 - -29 - 23)?
11
Evaluate (1 - (-5 + (-1 - -13))) + -2 + 1.
-7
(-3 - 2) + (-41 - (7 - 35))
-18
Evaluate (21 - 3) + 5 - (-16 + 5 - -9).
25
What is 18 - 13 - (-3 - (-2 - -1))?
7
What is 7 + 0 + -4 + 2 + (-9 - -8)?
4
What is the value of -665 + 682 + -14 + 1?
4
Evaluate -23 - (2 + 24 + -32).
-17
Calculate 0 + (-12 - (4 + -29)) - -8.
21
What is the value of 12 - (5 - (-9 + 8)) - (-3 + 6)?
3
14 + 5 + -13 - -8
14
What is (5 - 10) + 5 - (-4 + 6 + 1)?
-3
What is -16 + (32 - 2) + -17?
-3
What is the value of 0 + (7 - (-4 + -1 - -7))?
5
Evaluate (-100 - -112 - (1 + 10)) + -2.
-1
Calculate (47 - -4) + -31 - (1 + 2).
17
Calculate 9 + -1 + -277 + 268.
-1
What is 1 + 22 - ((-1 - 4) + 37 + -24)?
15
Evaluate -22 + 7 + (3 - 8).
-20
What is -17 - (-17 - 4) - (1 - 0)?
3
8 - 12 - (-4 - -2) - -3
1
What is the value of 4 - ((16 - 7 - -1) + -8) - -21?
23
What is ((10 - 8) + 0 - 0) + -15 + -4?
-17
Evaluate -4 - 4 - (-45 + 44).
-7
What is the value of 7 - (-1 + 7 + 0 - (37 + -44))?
-6
What is 61 + (-22 - (42 - 30))?
27
Calculate (1 - -12) + (-5 - (-26 + 6) - 10).
18
What is the value of 8 - (-6 - -10 - 9 - -12)?
1
Evaluate (-8 + 1 - 2) + (-2 - -2).
-9
Evaluate (-3 + -2 - (39 - 53)) + -13.
-4
Calculate -6 - -6 - 0 - (35 - 20).
-15
Evaluate (10 + 2 - (-45 + 70)) + 13.
0
What is -25 - (-15 + 5 - -2)?
-17
Evaluate (7 - 0) + -9 + 6 - (2 + -5).
7
Evaluate -4 + -5 + 0 - (9 - 5).
-13
16 + -12 - -16 - 18
2
Calculate 10 - ((4 - 17) + 7 + 4).
12
Evaluate (-15 - -33) + -30 - (-2 + -13).
3
Calculate 13 + -65 + 20 - -10.
-22
Calculate -23 + 10 - (16 + (-6 - -2) + -1).
-24
What is the value of (0 - -8) + (15 - (-12 + 29)) + -1?
5
Calculate 16 - -7 - -14 - 32.
5
What is the value of 2 + -10 + 245 + -230 + -35?
-28
What is 8 + 1 - ((-3 - -17) + -6 - 9)?
10
What is the value of (2 - -7) + -1 + -7 + (1 - 6)?
-4
What is the value of 4 - (-14 + 4 + -10 + 4)?
20
Calculate 1 + -8 + (-586 - -578).
-15
What is 0 - -3 - (-4 - 19)?
26
(2 - (8 - -4 - 16)) + 1 + -24
-17
What is the value of -1 - (13 - (0 + -2 + (0 - -6)))?
-10
Evaluate 9 + (-11 - -5 - (0 - -7)).
-4
Evaluate (-13 - -23) + -13 + -1.
-4
What is -1 - (8 - (-2 - -3)) - -33 - -1?
26
What is the value of -2 + (3 - (-2 - 0 - -3) - 5)?
-5
(-14 - 30) + -25 + 59
-10
4 + 1 + -17 + (2 - (1 + -3))
-8
Evaluate -6 - ((5 - (11 - 3)) + -16).
13
Evaluate (-1 - -7) + (12 - (-2 - -3)) + -11.
6
What is the value of 19 - (21 + -22 - -33)?
-13
7 - (2 - 18 - -10 - -10)
3
Evaluate (0 - 0) + -5 - (-2 + 38 - 18).
-23
What is 26 + (3 + 1 + -7 - 11)?
12
What is the value of -12 + 18 + (-1 - -4) + 3?
12
-1 + 8 - (25 + (0 - -13 - 18))
-13
1 + -6 + (94 - (-35 + 92))
32
Evaluate -5 - -5 - (1 + -12).
11
Calculate -1 + -4 - 1 - (15 - 30).
9
Calculate (-20 - -12) + 5 + (-1 - 8).
-12
Evaluate (-2 - -5) + 9 + (-12 - (10 - 14)).
4
-6 + (6 - -3) + -8 - (0 - 3)
-2
Calculate -4 - 4 - (-12 - (-1 + -4)).
-1
(34 + -20 - 31) + (-1 - (0 + 1))
-19
What is 4 + (-23 + 37 - (-5 + 6))?
17
Calculate 2 + -1 + -12 - (-353 + 342).
0
(-44 - (34 + -63)) + -14
-29
What is the value of -29 - ((5 - 22) + 16)?
-28
What is 8 - (19 - ((-3 - -3) + 3)) - 7?
-15
What is 6 + -17 + 0 + 9?
-2
What is the value of (-45 - (-44 - -2)) + 0 + 16?
13
17 + -8 + (-15 - -4) + (-20 - 1)
-23
What is the value of (-4 - -7 - -15) + (-15 - (-41 - -16))?
28
34 - (7 - (-1 + -44))
-18
Evaluate -19 - ((16 - 0) + 103 + -124).
-14
2 + (-7 + (3 + 1 - -9) - 4)
4
What is (20 - -20) + -26 + (-1 - 10)?
3
What is the value of 3 - 3 - -3 - (-49 + 64)?
-12
Calculate 3 - (22 + -16 - 17).
14
-21 + -16 + 39 - -34
36
What is -3 + -29 + 5 + (36 - 24)?
-15
What is the value of 10 - (8 + -10 + 16)?
-4
What is the value of 39 - (-22 - (41 - 98))?
4
Calculate -1 + 23 + -109 + 82.
-5
Evaluate (258 - 263) + 0 + 1 + -6.
-10
3 + 4 - (-11 + 9)
9
What is (-4 - -3) + 3 - (-5 - (4 + 1))?
12
What is 3 - (12 + 1) - 0?
-10
8 - (-3 - (23 + -6 - 8 - 10))
10
What is -13 - (-13 - -6 - 5) - -4?
3
What is the value of -13 - (0 + 0) - (50 + -82 + 40)?
-21
Calculate (20 + 4 + 9 + -4 - 4) + -1.
24
Calculate -19 + (-7 + -5 - -9 - -17).
-5
What is the value of -15 + (0 - (-11 - 1))?
-3
What is the value of 0 - -1 - (13 - (-4 + (18 - 2)))?
0
What is (-2 - -7) + -4 + -6 + -22?
-27
What is -12 + (0 - -2) + 12 + -18?
-16
-5 + (-17 - -26 - (-3 + -2 - 0))
9
Calculate